test common divisor of 4 and 4.
4
Calculate the highest common factor of 5 and 1405.
5
Calculate the greatest common factor of 14 and 8120.
14
Calculate the highest common divisor of 11 and 275.
11
Calculate the greatest common factor of 323 and 76.
19
Calculate the greatest common factor of 68 and 764.
4
What is the greatest common factor of 2773 and 295?
59
What is the highest common factor of 1 and 8?
1
Calculate the greatest common factor of 6 and 162.
6
What is the highest common factor of 69 and 2001?
69
Calculate the greatest common divisor of 3569 and 129.
43
Calculate the greatest common factor of 22 and 704.
22
Calculate the greatest common divisor of 1362 and 3.
3
What is the greatest common divisor of 3 and 12?
3
Calculate the highest common factor of 18190 and 17.
17
What is the highest common divisor of 671 and 11?
11
Calculate the highest common divisor of 228 and 7372.
76
What is the highest common factor of 7524 and 76?
76
Calculate the greatest common divisor of 31453 and 71.
71
What is the greatest common divisor of 152 and 464?
8
What is the highest common factor of 372 and 8?
4
Calculate the highest common divisor of 448 and 140.
28
What is the highest common factor of 57 and 380?
19
What is the highest common factor of 40 and 80?
40
What is the greatest common factor of 750 and 30?
30
Calculate the highest common divisor of 84 and 11004.
84
Calculate the highest common factor of 48 and 324.
12
What is the highest common divisor of 745 and 80?
5
Calculate the greatest common factor of 96 and 80.
16
Calculate the highest common divisor of 504 and 1024.
8
What is the highest common factor of 39 and 962?
13
Calculate the highest common divisor of 220 and 78980.
220
Calculate the highest common factor of 12702 and 1533.
219
What is the greatest common factor of 1 and 7?
1
Calculate the highest common divisor of 32 and 232.
8
Calculate the greatest common factor of 6075 and 175.
25
Calculate the highest common factor of 4480 and 14.
14
What is the highest common factor of 44 and 1166?
22
What is the highest common divisor of 3038 and 98?
98
What is the greatest common factor of 195 and 10803?
39
What is the greatest common factor of 55189 and 229?
229
What is the greatest common factor of 121 and 99?
11
Calculate the highest common divisor of 225 and 549.
9
What is the highest common factor of 16 and 88?
8
What is the highest common divisor of 357 and 21?
21
What is the greatest common factor of 3131 and 217?
31
What is the highest common divisor of 273 and 49?
7
What is the greatest common divisor of 63 and 49?
7
Calculate the highest common factor of 60 and 30.
30
What is the greatest common divisor of 15 and 3?
3
Calculate the greatest common divisor of 8 and 5144.
8
What is the highest common factor of 141 and 376?
47
What is the greatest common factor of 312 and 10776?
24
Calculate the greatest common divisor of 29 and 7627.
29
What is the greatest common divisor of 10 and 85?
5
What is the greatest common divisor of 579 and 3?
3
Calculate the highest common divisor of 1452 and 12.
12
Calculate the greatest common factor of 1729 and 702.
13
Calculate the greatest common divisor of 264 and 4026.
66
Calculate the highest common factor of 18 and 3678.
6
Calculate the greatest common divisor of 420 and 20.
20
What is the highest common divisor of 44 and 66?
22
Calculate the greatest common factor of 120 and 28230.
30
Calculate the highest common divisor of 226 and 226.
226
Calculate the highest common divisor of 29 and 1218.
29
Calculate the greatest common divisor of 1694 and 14.
14
What is the greatest common factor of 63 and 22974?
21
Calculate the highest common factor of 36 and 189.
9
Calculate the greatest common factor of 2 and 214.
2
Calculate the highest common divisor of 52 and 689.
13
What is the highest common divisor of 4 and 68?
4
What is the highest common divisor of 90 and 108?
18
Calculate the highest common factor of 11 and 517.
11
Calculate the greatest common divisor of 38 and 5453.
19
What is the highest common divisor of 8340 and 10?
10
What is the greatest common factor of 140 and 360?
20
What is the greatest common factor of 5 and 3025?
5
What is the highest common factor of 16116 and 255?
51
Calculate the highest common factor of 160 and 140.
20
Calculate the highest common divisor of 24 and 596.
4
What is the greatest common divisor of 3987 and 27?
9
Calculate the highest common factor of 34 and 20043.
17
What is the highest common divisor of 112 and 476?
28
What is the greatest common factor of 6 and 122?
2
What is the highest common factor of 731 and 34?
17
Calculate the greatest common divisor of 455 and 780.
65
What is the greatest common factor of 96 and 372?
12
What is the greatest common divisor of 50 and 1210?
10
Calculate the highest common divisor of 22 and 8.
2
Calculate the greatest common divisor of 2257 and 37.
37
Calculate the greatest common divisor of 30 and 270.
30
Calculate the highest common factor of 146 and 73.
73
What is the greatest common factor of 16 and 2512?
16
What is the greatest common factor of 152 and 19304?
152
What is the highest common divisor of 480 and 3648?
96
What is the greatest common factor of 11359 and 37?
37
What is the greatest common divisor of 11 and 319?
11
Calculate the highest common factor of 110 and 330.
110
Calculate the greatest common divisor of 48786 and 564.
282
What is the highest common factor of 250 and 2950?
50
Calculate the greatest common factor of 245 and 15.
5
Calculate the highest common divisor of 192 and 704.
64
Calculate the highest common divisor of 181 and 543.
181
What is the highest common factor of 7172 and 44?
44
Calculate the highest common divisor of 106 and 954.
106
Calculate the highest common divisor of 253 and 44.
11
Calculate the highest common factor of 1210 and 10.
10
What is the greatest common divisor of 1715 and 35?
35
Calculate the highest common divisor of 3074 and 58.
58
What is the greatest common divisor of 154 and 14?
14
Calculate the highest common factor of 16 and 24848.
16
Calculate the highest common divisor of 425 and 275.
25
What is the greatest common divisor of 1614 and 12?
6
Calculate the highest common factor of 65 and 15.
5
Calculate the greatest common factor of 6 and 82.
2
What is the greatest common factor of 125 and 14125?
125
What is the highest common divisor of 2652 and 561?
51
What is the greatest common divisor of 910 and 28?
14
What is the highest common divisor of 28 and 35504?
28
Calculate the highest common factor of 2585 and 55.
55
What is the greatest common factor of 340 and 385?
5
Calculate the highest common divisor of 5 and 320.
5
Calculate the greatest common factor of 896 and 28.
28
Calculate the greatest common divisor of 71 and 568.
71
What is the greatest common factor of 588 and 24?
12
What is the highest common divisor of 255 and 204?
51
What is the greatest common factor of 135 and 2241?
27
What is the highest common factor of 13534 and 402?
134
Calculate the highest common factor of 72 and 688.
8
Calculate the highest common divisor of 86 and 6.
2
What is the highest common divisor of 480 and 15?
15
Calculate the highest common factor of 1558 and 328.
82
Calculate the greatest common factor of 10510 and 10.
10
What is the greatest common divisor of 365 and 20?
5
What is the greatest common factor of 791 and 7?
7
Calculate the greatest common factor of 2 and 58.
2
Calculate the greatest common divisor of 14 and 896.
14
Calculate the greatest common factor of 12690 and 188.
94
Calculate the highest common divisor of 40 and 1130.
10
What is the highest common divisor of 70 and 15?
5
What is the greatest common divisor of 21 and 231?
21
What is the highest common factor of 54 and 288?
18
What is the greatest common factor of 58 and 145?
29
What is the highest common factor of 4 and 14320?
4
Calculate the highest common factor of 50 and 175.
25
What is the highest common factor of 540 and 4?
4
Calculate the highest common divisor of 371 and 14.
7
Calculate the greatest common factor of 1413 and 2669.
157
What is the highest common divisor of 1394 and 82?
82
Calculate the greatest common divisor of 16688 and 28.
28
What is the highest common factor of 216 and 60?
12
Calcu